*o. Calculate r(h).
4
Suppose 3*t = -t - 2*r + 12, -5*r + 25 = 5*t. Let c(f) = 4*f + 1963. Let d(s) = 16*s + 8833. Let o(m) = -9*c(m) + 2*d(m). Calculate o(t).
-5
Let u(b) = -b**2 - 23. Let v be 501 - 3*(-5)/((-90)/(-12)). Let z = v - 503. Determine u(z).
-23
Suppose 5*n + 26 = 2*m + 2*m, -m = -3*n - 17. Let s(y) = -y + 1 + 3*y + 6 - 3. Determine s(n).
-8
Let g = -31 + 34. Suppose 5*c - 26 - 81 = 4*f, -g*c = -f - 18. Let v = f + 28. Let y(j) = j**3 + 5*j**2. Give y(v).
0
Let x(i) = -i - 1. Let w(h) = 3*h + 17. Let o(q) = -w(q) - 6*x(q). Let a(p) = -p + 5. Let f(u) = -5*a(u) - 2*o(u). What is f(-5)?
2
Let b(t) = -t - 10. Let i(z) = z + 8. Let g(h) = 4*b(h) + 3*i(h). Let x be 4 - -1 - (1 + 11). Give g(x).
-9
Let c be 81/(-594) + 9/66. Let r(a) = a**3 + a**2 - a + 1. Let j(y) = -2*y**3 - 2*y**2 + 3*y - 8. Let p(w) = j(w) + 3*r(w). Calculate p(c).
-5
Let m(f) = 13*f**2 + 16*f + 26. Let o(b) = -11*b**2 - 16*b - 30. Let a(z) = 5*m(z) + 6*o(z). Determine a(-5).
5
Let s(a) = -53 - 4*a**2 + 126 - 43 - 26 - 3*a. Calculate s(2).
-18
Let x = -55 - -20. Let q = -29 - x. Let g(s) = -5*s - 5 + 7*s**2 - s**3 + 3 + 0. What is g(q)?
4
Let p(v) = 21*v - 7 + 11*v + 25 + 1 - 10*v. Give p(-1).
-3
Let z(h) = -7*h**3 - 2*h**2 + 1. Let p(s) = -s**3 + 31*s**2 + 135*s + 176. Let y be p(35). Calculate z(y).
-8
Let j(l) be the third derivative of -1/60*l**5 + 0 - 93*l**2 - 1/4*l**4 + 1/2*l**3 + 0*l. Let x = -8 - -5. Give j(x).
12
Let u(w) be the third derivative of w**6/120 + 3*w**5/20 + w**4/2 + w**3/3 - w**2. Let h(k) = -42*k - 890. Let s be h(-21). Determine u(s).
-30
Let l(a) = -10*a. Let y(k) = 6*k**2 + 3*k. Let u be y(-3). Let t = 16 - -31. Let h = t - u. Determine l(h).
-20
Let o(z) = -2*z + 89. Let u = 6490 - 6490. What is o(u)?
89
Let k(j) = -6*j - 1. Let i(w) = -3*w**2 - 17*w + 162. Let y be i(5). What is k(y)?
-13
Let s(y) = -y**3 - 8*y**2 - 6*y + 4. Suppose 21*o - 24*o = -33. Suppose 0 = -22*n - o*n - 231. Calculate s(n).
-3
Suppose 6*y + 4*y = 10. Let o be 8 + (-78)/24 + y/4. Let c(u) = 0*u + 7 + 3*u - u. Determine c(o).
17
Let u(r) = -508*r**2 - 5587*r + 4. Let d be u(-11). Let j(g) = -g**2 - 11*g - 32. Determine j(d).
-4
Let p(d) be the third derivative of d**7/840 + 7*d**6/360 - d**5/60 - 5*d**4/8 + 21*d**3 - 69*d**2. Let f(u) be the first derivative of p(u). Determine f(-7).
-1
Let x(v) = v**2 - 64*v - 734. Let s be x(74). Let u(l) = -6*l + 44. Determine u(s).
8
Suppose -28*t + 2 = -m - 24*t, -4*m - 22 = -2*t. Let z(n) = -n**3 - 5*n**2 - 5*n - 76. Let y be z(m). Let u(a) = 3*a + 9. What is u(y)?
-21
Let r = -59 - -65. Let z(o) = o**3 - 4*o**2 - 3*o + 1. Let v be z(r). Let a be 76/10 - 33/v. Let h(u) = -u - 9. Calculate h(a).
-16
Let g(o) be the second derivative of -o**5/20 + o**4/12 + o**3/6 - o**2 - 152*o + 5. Calculate g(0).
-2
Suppose -5*y = -9 - 26. Let u(t) = 19*t**2 - 16*t + 12. Let r(c) = -22*c**2 + 17*c - 13. Let h(n) = 6*r(n) + 7*u(n). Determine h(y).
-15
Let q(k) = 14*k - 2. Let u(g) = 86*g + 12. Let t(p) = -39*q(p) + 6*u(p). Determine t(5).
0
Let j(p) = 4*p - 1. Let k(h) = -h**2 + 6. Let g be k(-4). Let m be 4/g + 591/15. Suppose -m*q - 9 = -42*q. Calculate j(q).
11
Suppose -43095 = 4*z - 43107. Let y(s) be the third derivative of 1/15*s**5 + 0*s + 2/3*s**z - 4*s**2 - 1/120*s**6 - 1/6*s**4 + 0. What is y(3)?
1
Let w(n) = 9*n - 1 + 3*n - 9 - n**2. Suppose -42 = -33*d + 684. Suppose 0 = 12*l + d - 106. Give w(l).
25
Suppose 2*u + 0*u - 6 = 0. Let g(p) be the third derivative of p**4/6 - 11*p**3/6 + 5*p**2 - 3026. What is g(u)?
1
Let v = 2119/84 + -176/7. Let o(r) be the third derivative of 0*r + 0 + 1/120*r**6 - 7/24*r**4 + 5/6*r**3 - v*r**5 - 20*r**2. Determine o(6).
-1
Suppose 4*l = 2*l + 11*l. Suppose -5*y - 2*c - 107 + 37 = l, -3*c = -15. Let z(n) = n**2 + 15*n - 13. Calculate z(y).
3
Let x(l) = 7*l**2 - 12*l - 1. Let a be x(3). Suppose a*c + 132 = 15*c. Let u(m) = m**2 + 11*m - 16. Determine u(c).
-4
Suppose 17*r + 4 = -o + 16*r, 5*o = 4*r - 29. Let w(a) = -a**3 - 2*a**2 - 6*a + 3. Calculate w(o).
108
Let v(i) = -i**2 + 34*i - 62. Let w be v(32). Let u(q) = 0 - w - 5*q**2 - 1736*q - q**3 + 1734*q. What is u(-5)?
8
Let x(u) = -u**2 - 8*u - 8. Let h be ((-24)/(-9))/(-4)*-1*3. Let z(b) = 9 + 3 - 3 - 3*b**h - 16*b - 3. Let s be z(-6). Calculate x(s).
4
Let r(j) be the first derivative of 1/4*j**4 - 3 - 2*j**3 + 3*j - 4*j**2. Let h(t) = -208*t - 1449. Let l be h(-7). Give r(l).
-4
Let z(l) = l + 5. Let j be z(-8). Let o be 104/39*(0 + j/(-2)). Suppose -3*s + 3*n = 24, -o*n + 3 = -2*s - 15. Let x(q) = -2*q - 10. Give x(s).
4
Let n(h) = h**2 - 3. Suppose -15*j + 0 + 15 = 0. Let l(v) = 18*v**2 - 3*v - 19. Let t(z) = j*l(z) - 7*n(z). Calculate t(2).
40
Suppose 0 = 5*b + a - 7 + 10, -b - 6 = 2*a. Suppose b = -37*x + 43*x - 6. Let d(g) = 2*g. What is d(x)?
2
Suppose 315*p + 60 - 690 = 0. Let j(u) = 3*u**3 - u**2 - 6*u + 4. What is j(p)?
12
Let l(y) = 9 + 1046*y**3 + 2 - 16*y**2 + 4 + 27*y - 1045*y**3. Give l(14).
1
Suppose 31*p - 41*p + 30 = 0. Let d(j) = j**2 - 16*j + 37. Let s be d(p). Let h(v) = 13*v + 4. What is h(s)?
-22
Let g(p) = -6*p - 4. Let s = 57 - 23. Let y = -90 + s. Let n be (-22)/7 - 8/y. Calculate g(n).
14
Let t(y) = -y**2 + 2. Let u be 12/36*(-15)/5. Let c be (u/(-2) - 3)*-2. Calculate t(c).
-23
Suppose 4*f + 12 - 6 = 2*s, -5*f - s = -3. Let u(i) be the first derivative of f*i - 3/2*i**2 + 11. Calculate u(2).
-6
Let h(x) be the second derivative of -11*x**3/3 + 115*x**2/2 - 5454*x. What is h(5)?
5
Let p(l) = -l**3 + 5*l**2 + 9*l + 18. Let a be p(6). Let h = a - 32. Let s(m) = 286*m**2 - h*m - 9 - 2*m - 287*m**2. Determine s(-6).
-9
Let q(o) be the first derivative of -o**4/4 - 9*o**3 - o**2 - 27*o - 8378. Determine q(-27).
27
Suppose -34 - 103 = -3*x - 5*c, 20 = 5*c. Let f(u) be the second derivative of 0 - 1/6*u**3 - x*u - 3*u**2. What is f(-5)?
-1
Let j(y) = 2 + 8*y - 2*y**3 - 3*y**3 + 2 - 1 + 2*y**2. Let h(g) = -3*g**3 + g**2 + 5*g + 2. Let l(x) = -8*h(x) + 5*j(x). What is l(2)?
-1
Let t(a) = -22*a + 316939 + 36*a + 26*a - 316941. What is t(0)?
-2
Let a(v) be the first derivative of -v**4/4 - 5*v**3/3 - 3*v**2 - 4542. Give a(-4).
8
Let z(o) = o - 1. Let i(s) = 31 - 3*s + s**2 - 49 + 25. Let c(y) = i(y) + 5*z(y). Calculate c(-3).
5
Let f be ((-7)/(-14))/1*4. Let t(v) = -v - v**2 + 1 + f - 3 - 1. What is t(0)?
-1
Let z(x) be the third derivative of -x**6/24 - x**4/4 + x**3/2 - 1178*x**2. Calculate z(2).
-49
Let l(g) = 3*g**3 + g**2 - 3*g - 3. Let s be l(-1). Let i(w) be the third derivative of w**6/120 + w**5/30 - w**4/12 - w**3/2 - 8*w**2. Calculate i(s).
1
Let x(s) = 92*s + 225. Let f(g) = 188*g + 447. Let l(v) = -4*f(v) + 9*x(v). What is l(-3)?
9
Suppose -7 = -4*i + 2*i + 3*t, 3*t = 4*i - 11. Let n(l) = 154 - 12*l**3 + 11*l**3 - 153 + 2*l + 0*l + 2*l**i. Calculate n(4).
-23
Let u be 8/((11 + (-13 - -6))/(1 + 1)). Let o(a) = 2*a - 2*a**2 - 2*a - 8 + 11*a. Determine o(u).
4
Let y(b) = 2*b**2 - 10*b + 6. Suppose -127 = -38*q + 101. Give y(q).
18
Suppose -10*z - p + 21 = -7*z, -4*z + 3*p = -41. Let k(s) = 13 - z*s + 248*s**2 + 252*s**2 - 501*s**2. Calculate k(-11).
-20
Let l(n) = n**2 + 6. Let d = -11 - -20. Suppose 0 = -0*m + d*m - 3*m. What is l(m)?
6
Let n(j) = -22*j**2 - 65*j - 308. Let f(x) = 31*x**2 + 97*x + 462. Let l(q) = -5*f(q) - 7*n(q). Calculate l(-23).
7
Let j be ((-4)/((-11 + 5)*2))/((-2)/24). Let l(w) be the third derivative of -w**5/60 - w**4/6 + 2*w**3/3 - w**2. Calculate l(j).
4
Let m(i) be the second derivative of i**5/10 + 9*i**4/2 + 9*i**3 + 32*i**2 - 6256*i. Determine m(-26).
12
Let o(i) = 112*i - 112. Suppose -b - 2 = 2*v, -3*v + 4*b - 184 + 203 = 0. Give o(v).
0
Let w = -460 - -475. Let h(t) = t + w*t**2 - 50*t**2 + 34*t**2 + 8. Calculate h(6).
-22
Let x(q) be the second derivative of -4/3*q**3 + 6*q**2 + q + 17 + 1/12*q**4. Determine x(6).
0
Let k(f) = f - 1. Suppose 0 = 5*d + 20, 3*s + d = 2 + 3. Let g(q) = 21 - 5*q - 17 - s*q**2 + 2*q + q**3. Let t be g(3). Give k(t).
-6
Let d = 304 - 272. Let j(n) = d*n + 32*n + 28*n - 124*n + 17 + 29*n. What is j(9)?
-10
Let m(n) = -n**3 + 81*n**2 + 647*n + 225. Let c be m(-7). Suppose 5*u = 3 + 2. Let q(j) = -u - j + 7 + 2. What is q(c)?
0
Let z(y) = y**3 - 53*y**2 + 48*y + 201. Let i be z(52). Let a(d) = -d**2 - 6*d + 10. What is a(i)?
3
Let r(w) = -w**3 + 9*w**2 - 